. Suppose 0 = -m*t - 5*d - 209, 5*d - 149 = 3*t + d. What is the units digit of (-11 + 12)/((-1)/t)?
1
Let l = -160 + 144. What is the tens digit of ((-234)/12)/(2/l) - 4?
5
Suppose 2*l + 4 - 8 = 0. What is the tens digit of (-102)/(-6)*(l - 1)?
1
Suppose 3*a - 25 = 68. Suppose -2*i = 5*t + 7, 4*i - a = 4*t - 3. Suppose v + 4*r = 17, -r + 58 - 5 = i*v. What is the tens digit of v?
1
Let n(b) = 3*b**2 + 5 + 15 - 25*b - 4. What is the hundreds digit of n(12)?
1
Let g be 10/6*(-12)/(-10). Suppose 4*d + 0*d - 10 = -5*r, g*d + 4 = 2*r. Suppose 1 = u - d. What is the units digit of u?
1
Let a = -13 - -17. Suppose -2*z + 4*y + 0*y + 30 = 0, 2*y = a*z - 30. Suppose -5*g - 8 - 57 = -5*w, 4*w - 70 = -z*g. What is the units digit of w?
5
Suppose -3*m = 3*w - 4*w - 3259, -5*w - 2151 = -2*m. What is the thousands digit of m?
1
Suppose 0 = -68*b + 69*b - 4*h - 2796, 2*h + 2 = 0. What is the hundreds digit of b?
7
Let d(b) = 100*b**2 + 2*b + 102. What is the thousands digit of d(-6)?
3
Let y(t) = -t**3 + 11*t**2 + t + 17. Let d = 68 + -59. What is the units digit of y(d)?
8
Suppose 0 = -u - 3*u - 12. Let a = u + 25. What is the tens digit of a?
2
What is the tens digit of (-22)/(-22) + (782 - 1)?
8
Let d be (-636)/(-8)*(-2)/3. Suppose -2*l + 475 = -7*l. Let o = d - l. What is the units digit of o?
2
Suppose m + 2*g - 7*g + 30 = 0, 0 = 2*m - 2*g + 28. Let k = m - -24. Let q = 11 + k. What is the units digit of q?
5
Let v = 3948 - 720. What is the thousands digit of v?
3
Let o(b) = -7*b - 1. Let y be o(-4). Let w = 16 - y. Let g = w + 27. What is the units digit of g?
6
Let k(j) = -2 - 56*j - 1 + j**2 + 48*j. What is the tens digit of k(12)?
4
Let y = 420 - -694. What is the units digit of y?
4
Let a = 460 - 205. What is the hundreds digit of a?
2
Suppose -23*q + 8176 + 3278 = 0. What is the tens digit of q?
9
Let n(v) = v**3 - 10*v**2 + 8*v + 11. Let u be n(9). Let t be (-1)/u - (-72)/16. Suppose 0 = d - t - 27. What is the units digit of d?
1
Suppose -8270 = -2*r - w, -3*w + 124 = -r + 4259. What is the units digit of r?
5
Suppose -4*c - 10*t = -14*t - 6272, c + 2*t - 1562 = 0. What is the hundreds digit of c?
5
Let x(b) = b**3 + 15*b**2 + b + 17. Let q be x(-15). Let t = 4 - 2. Suppose c - q = t. What is the units digit of c?
4
Suppose -3*j + 2*g = -90, -3*g - 87 = -4*j + 33. What is the units digit of ((-2260)/j)/(4/(-6))?
3
Suppose q + 18 - 92 = 0. Suppose -n = -4*m + 32 - 137, 3*m + 4*n = -q. What is the units digit of 30/45 - m/6?
5
Let q be (-48)/(-312) - 28/13. Let x(m) = -30*m + 4. What is the tens digit of x(q)?
6
Let j(u) = -9*u + 3 - 22 - 20. What is the tens digit of j(-9)?
4
Let k = -10 + 10. Let z = 3 + k. Suppose -x + 9 = d, 2*x + d - 22 = -z*d. What is the units digit of x?
7
Suppose -4*c - 3*z = -1768, 3*c = -2*c + 4*z + 2241. What is the tens digit of c?
4
Suppose -2*c + 10*z - 40 = 5*z, -5*z - 10 = 3*c. Let j = 18 + c. Suppose -j*o + 5*o = -42. What is the tens digit of o?
1
Suppose 0 = 4*b - 20, -q + 5*b + 651 = 242. Let c = q + -308. Suppose 4*o = -2*s + c, -5*s + 5*o = 2*o - 341. What is the tens digit of s?
6
Let b(t) = -2*t + 32. Let m be b(16). Suppose 5*i = h - m*h + 987, -5*h - 183 = -i. What is the units digit of i?
8
Suppose -9*c + 13*c - 1964 = -4*l, -3*c = -2*l - 1483. What is the units digit of c?
3
Let f(c) = -4*c + 45. What is the tens digit of f(-6)?
6
Let y(a) = -a**3 - 6*a**2 + a + 6. Let v(i) = -i**2 + 4*i - 2. Let r(h) = 2*h**2 + 21*h + 15. Let m be r(-10). Let s be v(m). What is the tens digit of y(s)?
4
Let q be 2/(35/10 + -3). Suppose -556 - 36 = -q*y. What is the tens digit of y?
4
Suppose 6 - 2 = -4*h. Let f be -1 - 24 - (h + -2). Let t = f + 68. What is the units digit of t?
6
Let c be ((-14)/(-8) - 1)*4. Suppose 4*u + 1 = 3*g + c, u = -g + 4. Suppose 7*y - g*y = 45. What is the units digit of y?
9
Let k = 71 + 1600. What is the hundreds digit of k?
6
Let g = 2420 - 41. What is the hundreds digit of g?
3
Suppose -4 = s + 1, -4*s + 2969 = f. What is the hundreds digit of f?
9
Let a(k) be the third derivative of -3/8*k**4 + 5*k**2 - 1/2*k**3 + 0 + 1/10*k**5 + 0*k. What is the tens digit of a(4)?
5
Let x be -1 - (18/(-2) - -4). Let r(q) = 21*q - 26. What is the tens digit of r(x)?
5
Suppose 0 = 24*c + 11136 - 38088. What is the hundreds digit of c?
1
Let b = 137 + 513. What is the units digit of b?
0
Suppose -p + 5*i = -1980, -4*i - 4440 = -2*p - 480. What is the hundreds digit of p?
9
Let t(m) = 4*m + 33. Let h be t(-7). Suppose -4*g + 355 = h*r, -2 = r + r. What is the units digit of g?
0
Suppose 14 + 7 = 3*u. What is the tens digit of (2905/6)/u + (-5)/30?
6
Let o(u) = 156*u**3 - u**2 + 3*u - 2. What is the tens digit of o(1)?
5
Let d = -219 + 489. Suppose -7*h + h + d = 0. What is the units digit of h?
5
Suppose g = -2*k + 5280, -5*k = -22*g + 18*g + 21068. What is the units digit of g?
2
Let l(r) = 2*r**3 - 3*r**2 + r. Let x be l(2). Suppose -a + 3*q = 2*a + x, -q = -2. Suppose a*o + 4*o = 76. What is the tens digit of o?
1
Suppose 5*x + 389 + 986 = 0. Let r = x + 477. What is the units digit of r?
2
Let b = 57 + -33. Let a(c) = -8*c**2 - 60*c - 24. Let w be a(-7). What is the units digit of ((-14)/w)/((-3)/b)?
8
Let w = 52 - 32. Suppose i + 3*a = 4*i, -i + 5*a = w. What is the units digit of i?
5
Let v(a) = 2711*a + 112. What is the tens digit of v(1)?
2
Suppose p = 5*d + 638, -d - 16 = -5*d. What is the tens digit of p?
5
What is the tens digit of -1196*(2 - 10/4)?
9
Let n = -16 - -11. What is the tens digit of n*(-15 - (-4)/(-1))?
9
Let q = 40 + -50. What is the units digit of (-3)/15 - (2/q + -2)?
2
Let t be (-5532)/42 - (-8)/(-28). What is the units digit of (-1)/(1/t) + -4?
8
Let r(o) = -10 - 8 - o**2 - 4*o**3 + 19 - 2*o + 3*o. Let a be r(-1). Suppose -29 = a*n - 128. What is the tens digit of n?
3
Let h = -38 - -38. Suppose 5*d - 135 = -h. What is the units digit of d?
7
Suppose -3*u = 3, 0*u = -b + 2*u - 21. Let d = 5 - b. What is the units digit of (d - 8)*1/2?
0
Suppose 0 = 3*t - 3*q - 36, -3*t = -2*q - 2*q - 34. Suppose -t*z + 16*z = 102. What is the tens digit of z?
5
Let r = 584 + 12. What is the hundreds digit of r?
5
Suppose 1 = -5*k - 3*g + 29, 4*k - 19 = g. Suppose 0*v = -4*p - v + 300, -3*p + 225 = k*v. What is the tens digit of p?
7
Suppose -3*r + 4*w + 12 = 0, -5*r - 4*w - 3 = -3*w. Suppose r = -3*z + 4 + 2. What is the tens digit of z/2 + (0 - -23)?
2
Suppose 4*j - 163 - 381 = 4*r, 0 = 4*j + 4*r - 584. Let h = j - 71. What is the units digit of h?
0
Let c be 6/9 + (-186)/(-18). Suppose -y + 6*y - 99 = u, y + 2*u - c = 0. What is the tens digit of y?
1
Suppose 2*q - 4*q = 8. Let v be (-2)/(-3 - q)*-1. Suppose -4*m - v*l + 68 = -6*l, 5*m = -4*l + 112. What is the tens digit of m?
2
Let c(o) = o**3 - 12*o**2 - 18*o + 16. Let m be c(13). Let w = m + 85. Suppose 4*t - 52 = 3*t - y, 0 = t - 3*y - w. What is the tens digit of t?
4
Let m = 857 + 1244. What is the units digit of m?
1
Suppose -58*v = -27908 - 18608. What is the tens digit of v?
0
Suppose -6*a = -7*a + 119. Let b = 4 + a. What is the tens digit of b?
2
Let r(g) = 19*g**2 + g - 9. What is the hundreds digit of r(-3)?
1
Let i be -8*1 + 2 - 0. Let c = i - -17. Let p(z) = z**2 - 12*z + 13. What is the units digit of p(c)?
2
Let s(z) = 5*z**3 + z**2 + z - 43. What is the tens digit of s(5)?
1
Let i(s) = -84*s + 170. What is the units digit of i(-8)?
2
Suppose 9*s - 8*s - 2*a = 1817, 2*a - 7278 = -4*s. What is the units digit of s?
9
Suppose -3*u - 10 = 5. What is the units digit of -4 + (u - -16) + -5?
2
Let b(o) be the second derivative of 3*o**5/20 - 5*o**3/6 + 5*o**2/2 + 24*o. What is the tens digit of b(2)?
1
Let i(b) = b**2 - 8*b + 1. Let m be i(8). Let r(n) = 18*n - 1. Let o be r(m). Let w = 76 - o. What is the tens digit of w?
5
Let s = -3225 + 4901. What is the units digit of s?
6
What is the thousands digit of (-50958)/(-48) - (3 + (-108)/32)?
1
Suppose -17 = -2*a - 5. Let o(s) = 8*s - 6. Let j be o(1). Suppose -j*b + a*b = 92. What is the tens digit of b?
2
Suppose -14*v - 1280 = -4374. What is the tens digit of v?
2
Let c be ((-2)/(-4))/(21/(-1050)). What is the tens digit of 349/5 - 5/c?
7
What is the hundreds digit of (-4)/1 - (-12 + -190)?
1
Suppose 2*r + 883 = 4*r + 3*o, o = 5. What is the units digit of r?
4
Let h(w) = 